{"id":289,"date":"2014-03-28T11:51:00","date_gmt":"2014-03-28T09:51:00","guid":{"rendered":"http:\/\/www.ursula-neugebauer.de\/?page_id=289"},"modified":"2024-10-01T13:22:38","modified_gmt":"2024-10-01T11:22:38","slug":"ornate-ursula-neugebauer","status":"publish","type":"page","link":"https:\/\/www.ursula-neugebauer.de\/","title":{"rendered":""},"content":{"rendered":"\n<p><\/p>\n\n\n\n<div class=\"wp-block-columns are-vertically-aligned-bottom is-layout-flex wp-container-3 wp-block-columns-is-layout-flex\">\n<div class=\"wp-block-column is-vertically-aligned-bottom is-layout-flow wp-block-column-is-layout-flow\">\n<figure class=\"wp-block-image size-full\"><a href=\"https:\/\/www.ursula-neugebauer.de\/?page_id=293\"><img decoding=\"async\" loading=\"lazy\" width=\"675\" height=\"900\" src=\"http:\/\/www.ursula-neugebauer.de\/wp-content\/uploads\/2014\/03\/Ursula-Neugebauer-n.jpg\" alt=\"Ursula Neugebauer\" class=\"wp-image-336\" srcset=\"https:\/\/www.ursula-neugebauer.de\/wp-content\/uploads\/2014\/03\/Ursula-Neugebauer-n.jpg 675w, https:\/\/www.ursula-neugebauer.de\/wp-content\/uploads\/2014\/03\/Ursula-Neugebauer-n-225x300.jpg 225w\" sizes=\"(max-width: 675px) 100vw, 675px\" \/><\/a><\/figure>\n<\/div>\n\n\n\n<div class=\"wp-block-column is-vertically-aligned-bottom is-layout-flow wp-block-column-is-layout-flow\">\n<p><strong>L\u2019Inconnue <\/strong><br>2011<br>Fotografie<br>80 x 60 cm<\/p>\n\n\n\n<p>Das Foto zeigt die K\u00fcnstlerin mit der Totenmaske \u201eDie Unbekannten aus der Seine\u201c. Im Hintergrund ist die Arbeit \u201eArthotek\u201c 2001 zu sehen, die die Ank\u00e4ufe des \u00f6sterreichischen Ministeriums zeigt, die damals in den Ballr\u00e4umen des Palais Liechtenstein in Wien untergebracht waren.<\/p>\n\n\n\n<p>The photo shows the artist with the death mask \u2018Die Unbekannten aus der Seine\u2019. In the background is the work \u2018Arthotek\u2019 2001, which shows the acquisitions of the Austrian Ministry, which were housed in the ballrooms of the Palais Liechtenstein in Vienna at the time.https:\/\/www.ursula-neugebauer.de\/?page_id=293<\/p>\n<\/div>\n<\/div>\n","protected":false},"excerpt":{"rendered":"<p>L\u2019Inconnue 2011Fotografie80 x 60 cm Das Foto zeigt die K\u00fcnstlerin mit der Totenmaske \u201eDie Unbekannten aus der Seine\u201c. Im Hintergrund ist die Arbeit \u201eArthotek\u201c 2001 zu sehen, die die Ank\u00e4ufe des \u00f6sterreichischen Ministeriums zeigt, die [&hellip;]<\/p>\n","protected":false},"author":1,"featured_media":0,"parent":0,"menu_order":0,"comment_status":"closed","ping_status":"closed","template":"","meta":{"footnotes":""},"_links":{"self":[{"href":"https:\/\/www.ursula-neugebauer.de\/index.php?rest_route=\/wp\/v2\/pages\/289"}],"collection":[{"href":"https:\/\/www.ursula-neugebauer.de\/index.php?rest_route=\/wp\/v2\/pages"}],"about":[{"href":"https:\/\/www.ursula-neugebauer.de\/index.php?rest_route=\/wp\/v2\/types\/page"}],"author":[{"embeddable":true,"href":"https:\/\/www.ursula-neugebauer.de\/index.php?rest_route=\/wp\/v2\/users\/1"}],"replies":[{"embeddable":true,"href":"https:\/\/www.ursula-neugebauer.de\/index.php?rest_route=%2Fwp%2Fv2%2Fcomments&post=289"}],"version-history":[{"count":15,"href":"https:\/\/www.ursula-neugebauer.de\/index.php?rest_route=\/wp\/v2\/pages\/289\/revisions"}],"predecessor-version":[{"id":767,"href":"https:\/\/www.ursula-neugebauer.de\/index.php?rest_route=\/wp\/v2\/pages\/289\/revisions\/767"}],"wp:attachment":[{"href":"https:\/\/www.ursula-neugebauer.de\/index.php?rest_route=%2Fwp%2Fv2%2Fmedia&parent=289"}],"curies":[{"name":"wp","href":"https:\/\/api.w.org\/{rel}","templated":true}]}}

<p></p>



<div class="wp-block-columns are-vertically-aligned-bottom is-layout-flex wp-container-3 wp-block-columns-is-layout-flex">
<div class="wp-block-column is-vertically-aligned-bottom is-layout-flow wp-block-column-is-layout-flow">
<figure class="wp-block-image size-full"><a href="https://www.ursula-neugebauer.de/?page_id=293"><img decoding="async" loading="lazy" width="675" height="900" src="http://www.ursula-neugebauer.de/wp-content/uploads/2014/03/Ursula-Neugebauer-n.jpg" alt="Ursula Neugebauer" class="wp-image-336" srcset="https://www.ursula-neugebauer.de/wp-content/uploads/2014/03/Ursula-Neugebauer-n.jpg 675w, https://www.ursula-neugebauer.de/wp-content/uploads/2014/03/Ursula-Neugebauer-n-225x300.jpg 225w" sizes="(max-width: 675px) 100vw, 675px" /></a></figure>
</div>



<div class="wp-block-column is-vertically-aligned-bottom is-layout-flow wp-block-column-is-layout-flow">
<p><strong>L’Inconnue </strong><br>2011<br>Fotografie<br>80 x 60 cm</p>



<p>Das Foto zeigt die Künstlerin mit der Totenmaske „Die Unbekannten aus der Seine“. Im Hintergrund ist die Arbeit „Arthotek“ 2001 zu sehen, die die Ankäufe des österreichischen Ministeriums zeigt, die damals in den Ballräumen des Palais Liechtenstein in Wien untergebracht waren.</p>



<p>The photo shows the artist with the death mask ‘Die Unbekannten aus der Seine’. In the background is the work ‘Arthotek’ 2001, which shows the acquisitions of the Austrian Ministry, which were housed in the ballrooms of the Palais Liechtenstein in Vienna at the time.https://www.ursula-neugebauer.de/?page_id=293</p>
</div>
</div>

<p>L’Inconnue 2011Fotografie80 x 60 cm Das Foto zeigt die Künstlerin mit der Totenmaske „Die Unbekannten aus der Seine“. Im Hintergrund ist die Arbeit „Arthotek“ 2001 zu sehen, die die Ankäufe des österreichischen Ministeriums zeigt, die [&hellip;]</p>
